
4
Calculate -9 + (12 - 6) + 0.
-3
What is 0 - (-9 + 5 + 7) - -4?
1
What is the value of 1 - -7 - (12 + -2)?
-2
What is -5 + -1 + -1 + 5 + -2?
-4
0 + (-3 - (-2 + -1)) - -3
3
What is -33 + 31 - (6 - 2)?
-6
1 + 6 - (-1 - -3)
5
What is the value of -11 + 8 + -5 + 10?
2
What is the value of 6 - (-1 + 6 + -3)?
4
Calculate 4 + -9 - (-2 - (0 - -2)).
-1
What is -1 + 1 + -4 + 4?
0
What is the value of -2 + -2 - (-2 + 4)?
-6
Evaluate 2 - (-4 + (8 - -1)) - -8.
5
Evaluate (-13 - (-8 + 3)) + 7.
-1
Calculate -9 - (10 + -33) - 6.
8
Calculate (0 - -2) + (-2 - 4).
-4
What is the value of -1 + (-3 - -1 - -3) + -3?
-3
What is the value of 9 + -8 + 4 - 6?
-1
What is -6 + 0 + 6 - -1?
1
What is the value of -7 + (1 - -8) + -3?
-1
(-2 - -14 - -1) + 2 - 8
7
What is -5 - (2 + -3) - 0?
-4
What is the value of 2 + 1 + -1 - (2 - 0)?
0
Evaluate 0 + -6 + 6 + -7.
-7
Evaluate -4 + 10 + -5 + 1 + -4.
-2
What is the value of -34 + 50 + -23 - (1 + -13)?
5
Evaluate -1 - -2 - (5 - 2).
-2
Evaluate 5 + 2 - (-3 + 5).
5
-31 + 18 - (-4 + -18)
9
(3 - -24) + -14 - (0 - -7)
6
Evaluate (-1 - 1) + 2 + (-3 - -6).
3
Calculate 3 - (0 + (-3 - -1)).
5
-3 - (-2 - 3) - 7
-5
3 + (-7 - -6) - (0 - 1)
3
Calculate -4 - -4 - (-2 + (1 - 0)).
1
What is -1 + (5 - (-3 - -4))?
3
Calculate -6 - (-4 + -3 - -3).
-2
Evaluate 7 + -2 + -6 + 3.
2
Evaluate -3 + 8 + -3 - 3.
-1
Evaluate -5 + 1 + 3 + -3 - 1.
-5
0 + (10 - (1 + 3))
6
Calculate (-33 - -37) + -1 + -2.
1
What is 10 + -14 + 12 + -13?
-5
What is the value of -2 + -1 + (-3 + 5 - 0)?
-1
What is 3 + (-12 - -2) - -11?
4
What is 0 + 4 - (-2 - -3)?
3
Calculate -18 + -2 + -2 + 12.
-10
Calculate 6 - 10 - (6 - 5).
-5
What is (4 - 1) + -2 + 5 + -2?
4
Evaluate 0 - 6 - (102 - 109).
1
What is -6 + 3 - (4 - 7 - -1)?
-1
What is 2 + -1 + -1 - (7 - 4)?
-3
What is the value of -5 + -4 + (3 - 1) + 4?
-3
(12 - 16) + 2 + 10 + -5
3
Calculate 4 - (6 - -3) - -2.
-3
Evaluate (4 - (1 - (-12 + -2))) + 4.
-7
Calculate (1 - 3) + 3 - (-3 - 1).
5
(20 - 20) + 0 + 0
0
-28 - -39 - (5 - -1)
5
What is the value of 3 - (2 + -8 - -12)?
-3
What is the value of -8 - (-3 - 1) - (5 - 11)?
2
What is 12 - 3 - (37 + -28)?
0
Evaluate 12 + -15 + -17 - -11.
-9
-14 + 4 + 10 + (0 - 4)
-4
(5 - 9 - 1) + 8
3
What is -9 - (4 + (-28 - -12))?
3
Evaluate (-9 - (1 + -3)) + -7 + 9.
-5
Calculate (-1 - (-1 + 1)) + (-1 - -5).
3
What is the value of -9 - (7 - 1 - 7 - 1)?
-7
What is 2 - (8 + 0 - (8 - 5))?
-3
Evaluate -9 + (-4 - -6) + (-5 - -16).
4
What is 6 + -1 - 4 - 6?
-5
Calculate -2 + -15 - -4 - -8.
-5
-2 + -2 + 0 + 3
-1
What is the value of (-1 - 8) + (-11 - -13)?
-7
What is 1 + -1 + 3 - (-7 + 3)?
7
What is (-2 - (-17 + 14)) + (-2 - 7)?
-8
Evaluate 6 - 0 - -2 - 3 - 5.
0
What is the value of 8 + (3 - (1 + 6))?
4
-5 + (2 - -1 - (-21 - -22))
-3
What is the value of -8 + 7 + -9 + 1?
-9
What is the value of -4 + 2 + -3 + -15 + 13?
-7
Evaluate -8 + 8 + -4 + -3.
-7
Evaluate 0 + 3 + 5 + -3 + -7.
-2
(6 - (-5 + 3)) + 2 + -7
3
3 - (3 + (3 - 1 - 8))
6
Calculate (5 - (4 - -8)) + 3.
-4
Evaluate 2 - (7 - 5) - -5.
5
Evaluate (-4 - (1 + 0)) + (-4 - -2).
-7
What is 5 - (22 - (4 + 6))?
-7
-2 - -2 - (10 + -8)
-2
7 + 2 - (5 - (4 - 1))
7
Calculate -1 + (2 - -3) + -6.
-2
Evaluate -5 + 5 + -2 + -3 + 4.
-1
Calculate 1 - -4 - (3 + (-5 - -6)).
1
2 + -6 - (-3 + -4 + 3)
0
What is -1 + 1 + 1 - (-42 + 47)?
-4
21 - (7 - 0 - -5)
9
What is the value of 4 - 6 - (0 + 2) - 1?
-5
What is 16 + -19 + (0 - -2) + 1?
0
What is -1 - (-2 + -3 + 0)?
4
What is the value of 1 - (-1 + 1) - (3 - 0)?
-2
Evaluate -3 - (-4 - -1) - 7.
-7
What is the value of -4 + (1 - (-10 + 2)) - 3?
2
What is the value of -2 + -4 + 12 - 6 - -2?
2
What is (-4 - (5 + -3)) + 22 + -17?
-1
What is 1 + -2 - (-9 + 5) - -2?
5
Evaluate -3 - ((-5 - 11) + 7).
6
What is the value of 3 - 6 - (0 + -3)?
0
-16 - (8 - (20 - 2))
-6
What is 0 + -2 - (-7 - (11 - 21))?
-5
Evaluate 2 + -4 + 1 + -2 + -1.
-4
7 - (2 - -2) - (-6 - -5)
4
What is 8 + -6 + -1 - -5?
6
5 + (2 - 3 - 6) - 2
-4
What is ((2 - 7) + 0 - -6) + 0?
1
What is -1 + -1 + -4 - (-5 + 5)?
-6
(1 - 9) + -3 + (6 - 3)
-8
What is -1 + -1 - -1 - 0?
-1
What is the value of -11 - ((2 - (0 - -6)) + -1)?
-6
What is (-4 - (-11 + 7)) + 5?
5
What is the value of ((4 - 6) + 6 - 0) + -4?
0
Calculate 3 + -10 + 0 - 0.
-7
-13 - (5 + 3 + -14)
-7
What is 7 - (-2 + (1 - (-1 + -6)))?
1
-4 - (-3 + -5 + 3 - -2)
-1
What is the value of (-4 - -5) + (1 - (-1 - 1))?
4
What is 60 + -45 + (-2 - (2 + 2))?
9
2 + (-3 - 1 - 1)
-3
What is 3 + (-3 - (2 - (4 - -2)))?
4
Calculate -3 + -2 + -3 + 5.
-3
Calculate (-5 - (1 - 0)) + 124 + -125.
-7
Evaluate 3 + -10 + 1 + -7 + 6.
-7
-3 - 1 - (8 - 9)
-3
Evaluate (-4 - (-4 - -3)) + (-8 - -11).
0
What is the value of -17 - -21 - (-1 - -2)?
3
Calculate 12 + -20 + 6 - (0 + 0).
-2
What is the value of -19 + 23 - (1 - -8)?
-5
Evaluate 19 - 1 - 9 - 2.
7
What is -18 + 4 - (10 - 18)?
-6
-1 - -8 - (-11 + (18 - 5))
5
What is 1 + 0 + (1 - 2) + -3?
-3
Evaluate (4 - -2) + -1 + -3.
2
Calculate -3 - 1 - -6 - -2.
4
Calculate (1 + 1 - -3 - 3) + -1.
1
2 + (1 - -3 - (17 - 8))
-3
What is (-5 - (-2 + -1)) + 3?
1
Evaluate -4 + (0 + -3 - -1) - -1.
-5
What is the value of (0 - (3 - 5)) + 1 + -3?
0
Calculate -10 + -7 + 12 + 0.
-5
Calculate 3 - 1 - (6 - (0 + 2)).
-2
What is the value of (-3 - -2) + (-6 - (-8 + -6))?
7
What is the value of -3 - (-4 - 3 - -6)?
-2
What is 10 + (-3 + -4 - 3)?
0
(9 - 21 - -25) + -22
-9
Evaluate -8 - -2 - (11 + -31 - -10).
4
What is -10 - (-8 - (0 - 3))?
-5
-3 - -6 - (-6 - -10)
-1
Evaluate -11 - -7 - (-13 - -19).
-10
What is (0 - -11) + 25 + -41?
-5
6 - (20 + 2 - 12)
-4
Calculate (-3 + 10 - 4) + 2.
5
What is the value of (2 - (-6 - (-8 + 1))) + -11?
-10
Calculate -2 + 7 + 8 + -11.
2
Calculate (-1 - (29 + -18)) + (6 - -1).
-5
What is the value of -3 - (-1 + (-1 - 1) + 1)?
-1
What is the value of (6 - 5) + 10 + -1?
10
What is -2 - (0 + -2) - 4 - -2?
-2
What is (0 - 3) + (-2 + 0 - -1)?
-4
What is the value of (5 - 5) + -5 + 11?
6
What is 32 - 29 - (-1 - -4)?
0
Calculate -2 + (7 - 0) - 2.
3
What is 1 + -4 + (151 - 154)?
-6
Evaluate -2 + 7 + 0 + (-8 - -7).
4
8 + (3 - 10 - -4)
5
4 - (0 + 1) - 7
-4
3 + -1 - (-2 + 3)
1
Evaluate 0 - 0 - (9 + -6).
-3
What is (-1 - -2) + 2 - (-69 - -76)?
-4
-4 + (5 - -4 - 3)
2
Calculate -29 - -24 - (2 + -4) - -4.
1
What is the value of 72 + -71 + (-1 - -3)?
3
Evaluate 1 - (6 - 6) - (-4 + 1).
4
Calculate -4 + (4 + -1 - -3) - 2.
0
Evaluate 0 + (-1 - 1 - -3).
1
What is the value of (-1 - -6 - (-27 + 30)) + -5?
-3
What is 1 - 8 - (34 + -39)?
-2
Calculate (-1 - 5) + (23 - 10) + -8.
-1
Calculate 1 + -1 - (-35 + 30).
5
Evaluate 0 - (7 - (-6 + 16)).
3
Calculate 1 - (1 + -6 + 1).
5
-19 + 0 - (8 - 18)
-9
What is 3 + 2 + -2 - (-3 - -2)?
4
0 - (6 + -17 + 5) - 5
1
Evaluate -7 - (5 + (-6 - (21 - 6))).
9
Evaluate 5 + (-4 + -1 - -3) + -2.
1
What is the value of (-3 - (2 + -8)) + 2?
5
What is the value of (0 - -6) + -1 - (16 - 8)?
-3
What is -6 - ((3 - 3) + -1 + 0)?
-5
Evaluate (0 - (-1 - 4)) + -1.
4
What is the value of (-5 - -7) + -4 + -6?
-8
What is -14 + 17 + 2 - 14?
-9
What is 10 - 3 - (-3 - (-5 + -4))?
1
7 + (1 - (2 + -2)) - 6
2
Calculate (1 - (-1 - 1)) + 0 + -3.
0
Evaluate -3 - (6 - (-4 - -15)).
2
Calculate 5 + -5 - (-1 + 2).
-1
What is 1 + -1 + (-14 + 6 - -9)?
1
Evaluate 12 - -1 - 5 - 5.
3
Calculate -8 + -4 + 3 + 2 + 2.
-5
Evaluate -3 - (-5 + -12 + 6).
8
(-7 - 3) + (1 - -3)
-6
What is the value of (0 - -3) + 15 + -19 - 4?
-5
What is the value of (-1 - -5) + (27 - 34)?
-3
10 + -4 + (1 - 2)
5
Evaluate -10 + (9 - 17) - -11.
-7
What is (-5 - -1) + 3 + -2 + -6?
-9
Calculate 3 + (-11 - -26) + -14.
4
Evaluate (-2 - -6) + -12 + -1.
-9
Evaluate (43 - 48) + -2 + 0 + 8.
1
Evaluate -2 + 0 - (-6 - (-11 + 5)).
-2
-24 + 25 - (-3 + -3 + 2)
5
Calculate -1 + (1 - (-2 - (3 + -9))).
-4
0 + -13 + 2 - -6
-5
-6 + -2 + -28 + 34
-2
Calculate (-1 - (1 - -1)) + (94 - 85).
6
Calculate 2 + -2 + (-7 - -2 - -9).
4
-5 - (6 + (-2 - 4))
-5
What is -6 + -3 - (2 - 6)?
-5
(-3 - 4) + 2 - -11
6
Evaluate (-1 - -2) + -1 + (-13 - -9).
-4
What is -9 + 0 - (-20 + 10)?
1
Evaluate 5 - (-5 + -3 + (4 - -4)).
5
What is the value of 0 - -5 - (6 + 1)?
-2
-7 + (0 - (1 + -5))
-3
Calculate -21 - -11 - (1 - 6).
-5
-3 - -1 - ((-7 - -8) + -4)
1
What is -2 + 1 - (3 + -2)?
-2
Evaluate 4 + (-2 - (3 + 2)).
-3
Calculate -8 + 1 + 0 + 4.
-3
Calculate (-2 - -2) + 3 - 9.
-6
Evaluate (51 -